e (27/6)/(-9)*4. What is the units digit of q/7 - (-1533)/49?
1
Let p = -164 + 375. What is the hundreds digit of p?
2
Let n = -103 + 154. Let p = n - 30. Let r = p + -13. What is the units digit of r?
8
Let t = 264 + -205. What is the tens digit of t?
5
Let c(j) = j**2 + 23*j + 52. What is the hundreds digit of c(-28)?
1
Suppose -216 = -2*v - 4*u, 0*u - 25 = 5*u. What is the hundreds digit of v?
1
Let n(m) = 5*m - 21. Let c be n(5). Suppose c*j + 3*z - 5*z = 768, 4*z + 571 = 3*j. What is the hundreds digit of j?
1
Let q(u) = -12*u**3 + u + 1. Suppose -2*d = -3*d + 5*a - 11, 0 = -3*a + 6. What is the units digit of q(d)?
2
Let f be (108/21)/(10/35). Let b = -16 + f. Suppose d + 2*z - 21 = -b*d, 2*d - 33 = 5*z. What is the units digit of d?
9
Suppose -93 = 11*h + 2822. Let c = -183 - h. What is the tens digit of c?
8
Let t(q) = 2*q**3 - 7*q**2 - q + 1. What is the units digit of t(7)?
7
Let n(k) = 17*k**2 + 3*k - 12. Let x be (-93)/(-21) - (12/14)/2. What is the hundreds digit of n(x)?
2
Suppose 4*j + 13 = -5*k, -5*j = 2*k - 0*k - 5. Let i(t) = -10*t**2 + 0*t - 3 + 7*t + 3*t - 3*t - t**j. What is the units digit of i(-11)?
1
Let x(n) be the third derivative of 2*n**5/5 - n**4/6 - n**3 - 27*n**2. What is the units digit of x(-2)?
8
Suppose 0 = -2*t - 3 + 1, -3*q = 5*t + 14. Let m be ((-9)/(-3) - -3) + q. What is the tens digit of 2 + 36 + (m - 6)?
3
Let w(y) = -2*y**3 + 2*y**2 - y - 2. Let r be w(-1). Suppose -5*k + r*i - i + 592 = 0, 0 = k - i - 116. What is the tens digit of k?
2
Let w(u) = -25*u**3 + u**2 + 3*u - 2. Let j be w(2). Let f be 1/(4/j*-3). What is the tens digit of (-4)/2 - -2*f?
3
Suppose -69*a = -68*a + 88. Suppose 12 = 2*r - 16. What is the units digit of (-8)/28 - a/r?
6
Let u = -4 - -5. Let h(r) = 32*r**2 - 2*r + 2. Let x be h(u). Let t = -5 + x. What is the units digit of t?
7
Let s = 300 - 161. Let o = 238 - s. What is the tens digit of 4/18 + 3839/o?
3
Let i be (6/(-8))/(195/(-48) - -4). What is the units digit of i/(-4)*-1 + -2?
1
Let h = -64 + 92. Let c = -13 + h. What is the units digit of c?
5
Suppose 0 = 16*d - 24*d + 1072. What is the tens digit of d?
3
Suppose 51*s = 25*s + 13546. What is the tens digit of s?
2
Let m = -16 - -20. Suppose j - 4*t + 84 = 3*j, 5*t = m*j - 103. Suppose -4*q + f = -52 - j, -63 = -3*q - 5*f. What is the units digit of q?
1
Let k(w) = -w**3 + 12*w**2 - 12*w - 3. Let f be (10/30)/((-1)/(-27)). What is the tens digit of k(f)?
3
Suppose 4*l - 8768 = 4*v, 3*l - 2*v = 3168 + 3412. What is the thousands digit of l?
2
Suppose -5*n - 3*a + 2091 = 130, -n = 4*a - 399. What is the tens digit of n?
9
Let r = -64 + 67. Suppose 5*g - 261 = 5*o + 334, 0 = 5*g - r*o - 595. What is the units digit of g?
9
Let t(i) = -i**3 - i**2 + i + 96. Let m be t(0). Suppose -7*d + 9*d = -m. Let v = -18 - d. What is the units digit of v?
0
What is the hundreds digit of (-11 + 1)*18*858/(-88)?
7
Let g(w) = w**2 - 3*w - 4. Let o be g(5). Let d(f) = f**3 - 5*f**2 - 4*f + 4. Let m be d(o). What is the units digit of m + (0 + -1)*0?
6
Let o = -4073 + 8515. What is the units digit of o?
2
Let g(u) = 114*u + 408. What is the thousands digit of g(20)?
2
Let q(o) = 3*o**2 - 44*o + 35. What is the units digit of q(20)?
5
Suppose 9*s = 4*s + 55. Suppose -64 = -x + 5*p, 0 = -3*x - 2*p + s + 164. What is the tens digit of x?
5
Suppose -3*w - 23*j + 2821 = -24*j, 5*w = 4*j + 4690. What is the tens digit of w?
4
Let k = 5 + -2. Suppose -158 + 31 = -2*l + w, k*w = -l + 81. What is the units digit of l?
6
Let n = 1047 - -215. What is the tens digit of n?
6
Let q(i) be the third derivative of i**2 + 1/30*i**5 + 0*i + 0*i**3 + 0 - 1/4*i**4. What is the units digit of q(5)?
0
Let s = -27 - -30. Suppose -s*v = -4 - 8. What is the tens digit of (9 - 7)*22/v?
1
Let d be 0 + (-2 - 12/(-2)). What is the units digit of -236*(3/d)/((-12)/8)?
8
Let u(p) = -2*p**2 - 10 - 3*p**2 - p**2 + 9*p**2. What is the tens digit of u(-10)?
9
Suppose 4*z + 1160 = 4*x, 3*x = -5*z - 0*z + 902. Suppose -2 = -2*n, -5*w + n - 5*n = -x. What is the units digit of w?
8
Let a = 4945 - 2295. What is the units digit of a?
0
Suppose -n = 34*t - 39*t + 3014, -4*n - 2424 = -4*t. What is the tens digit of t?
0
Suppose 1674 = 2*f - 3244. What is the units digit of f?
9
Suppose 19*s - 3*s - 2240 = 0. What is the tens digit of s?
4
Let x be (24/10)/((-4)/(-20)). Let r = 9 - x. What is the units digit of r + -2 + (-44)/(-2)?
7
Let i(u) = 29*u + 97. What is the tens digit of i(8)?
2
Suppose 0 = -t - 3*n + 12, n + 2*n - 12 = 5*t. Let q = 12 + t. Suppose -2*c = 4 - q. What is the units digit of c?
4
Let r(t) be the first derivative of t**3/3 + t**2 - t - 6. Let k be r(-3). What is the units digit of (k/3)/((-6)/(-27))?
3
Suppose 22*x + 21*x = 16168. What is the tens digit of x?
7
Let q be -21*(-1)/(2 - -3 - 2). What is the tens digit of q/(-14) + 39/2?
1
Suppose 3*h - 139 = -5*t + 8, 2*h - 35 = -t. Let d(s) = 4*s + t - 3*s - 10 + 0*s. What is the tens digit of d(-4)?
1
Let q = -59 + 64. Suppose -u + 136 = -4*c, 348 = 4*u - q*c - 218. What is the units digit of u?
4
Suppose b - 9*b - 16 = 0. What is the tens digit of 222/(3*(-1)/b)?
4
Let h = -2 - -2. Suppose 4*f - 248 = -4*n, -4*f + 3*f = h. What is the units digit of n?
2
What is the units digit of (-2*(-57)/(-6))/(1/(-17))?
3
Let r = 30 + -27. Suppose 0 = u - 3, r*o - 40 = -2*u + 26. Let c = o - -26. What is the units digit of c?
6
Let o be -10*(-4 + (52/20 - -1)). Suppose -o*u = x - 118, 0 = 4*x - 0*x + 3*u - 420. What is the tens digit of x?
0
Let r(f) = -2*f - 2. Let t be r(-1). Suppose t = -4*i + 63 + 9. What is the tens digit of i?
1
Suppose 2*i = -5*p + 831, -7*i = -4*i + 3*p - 1233. What is the hundreds digit of i?
4
Suppose -8 = -s - 2. Let x = -2 + s. Suppose -x*c = -3*c - 39. What is the tens digit of c?
3
Let h = -439 + 2922. What is the hundreds digit of h?
4
Let x(c) = 32*c - 3. Let v(y) = -y**3 + 2*y**2 + 5*y - 2. Let j be v(3). Suppose 2*h + j = h + w, 2*h = w - 3. What is the tens digit of x(h)?
2
Suppose 4*g - 580 = i, -4*g = 4*i + 181 - 741. What is the hundreds digit of g?
1
Let m = -30 + 35. Suppose -10*i + m*i = -105. What is the tens digit of i?
2
Suppose -4*x - 4*h = -6 - 94, 0 = -3*x + 2*h + 70. What is the units digit of x/(-16) + 994/4?
7
Let i be (-179)/(-4) + 10/40. What is the tens digit of 36/i*(-290)/(-4)?
5
Let g(b) = -b**3 + b**2 - b + 483. Let x be g(0). Let d be 2/(-13) + x/13. Let q = d - 16. What is the units digit of q?
1
Suppose 3*f = -4*v - 340, -v - 73 = f + 41. Let h = -53 - f. What is the units digit of h?
3
Let i = 115 - 31. Let q = 123 - i. What is the units digit of q?
9
Suppose 0 = 2*m, -6*s + 2*s + m = -196. Suppose 0 = 2*h - s + 15. What is the units digit of h?
7
Let w = 464 - 275. What is the tens digit of w?
8
Let d be (-3)/(-12)*2*(-4 + 4). Let p(a) = -a**3 + a**2 + 311. What is the tens digit of p(d)?
1
Suppose l = -5*z + 2*l + 663, 3*z = l + 399. Let t = z + -79. What is the units digit of t?
3
Let a(q) = q**2 + 3*q - 3. Suppose 15 = 3*s + 6. Let x be a(s). What is the units digit of 21 - x - 1*3?
3
Let i(j) = -j**2 + 47*j + 95. What is the units digit of i(21)?
1
Let a = -542 - -758. What is the tens digit of a?
1
Suppose -4*p + 24 = -2*y, p - 3*y = -y + 12. Suppose -o - 88 = -4*r + 234, -p*r = -3*o - 318. What is the tens digit of r?
8
What is the hundreds digit of (-12 + 14)*(77 + 0)?
1
Let y be (-2)/(-4)*12/1. Suppose y*k - 9*k = 3. Let n = 9 - k. What is the tens digit of n?
1
Let c(o) = 2*o + 12*o - 25 - 3*o - 31. What is the tens digit of c(8)?
3
Let u = 27 + 877. What is the units digit of u?
4
Let w(r) = -20*r**2 - 5*r + 4. Let s be w(3). Let p = 332 + s. Suppose -7*g + 330 - p = 0. What is the tens digit of g?
2
Let n(z) = -z + 42. Let r = 8 - -1. Suppose -r*a = -4*a. What is the tens digit of n(a)?
4
Let r(z) = 7*z**2 - z + 12. Let s be r(-11). Suppose 4*t - s = 50. What is the units digit of t?
0
Suppose 5*o - 9*o = -20. Suppose 267 = o*u - 13. What is the tens digit of u?
5
Let z(g) = -53*g + 3. Let w be z(-4). What is the units digit of ((12/10)/2)/(1/w)?
9
Suppose -4*a = -31*l + 35*l - 2220, -5*l = 15. What is the hundreds digit of a?
5
Let c = 3394 - 317. Suppose -5*m = -22*m + c. What is the hundreds digit of m?
1
Let i be (-4)/(-3)*(-3)/(-2). Suppose 5